{"id":143,"date":"2019-03-12T18:41:57","date_gmt":"2019-03-12T17:41:57","guid":{"rendered":"https:\/\/pierrelesieur.org\/nouvelles_galeries\/?page_id=143"},"modified":"2019-04-08T11:24:22","modified_gmt":"2019-04-08T10:24:22","slug":"interieurs","status":"publish","type":"page","link":"https:\/\/pierrelesieur.org\/nouvelles_galeries\/interieurs\/","title":{"rendered":"Int\u00e9rieurs"},"content":{"rendered":"<div class=\"fusion-fullwidth fullwidth-box fusion-builder-row-1 nonhundred-percent-fullwidth non-hundred-percent-height-scrolling\" style=\"--awb-border-radius-top-left:0px;--awb-border-radius-top-right:0px;--awb-border-radius-bottom-right:0px;--awb-border-radius-bottom-left:0px;--awb-padding-top:20px;--awb-padding-bottom:20px;--awb-padding-left:10%;--awb-flex-wrap:wrap;\" ><div class=\"fusion-builder-row fusion-row\"><div class=\"fusion-layout-column fusion_builder_column fusion-builder-column-0 fusion_builder_column_2_3 2_3 fusion-two-third fusion-column-first\" style=\"--awb-bg-size:cover;width:66.666666666667%;width:calc(66.666666666667% - ( ( 4% ) * 0.66666666666667 ) );margin-right: 4%;\"><div class=\"fusion-column-wrapper fusion-flex-column-wrapper-legacy\"><div class=\"fusion-text fusion-text-1\"><h3><span class=\"Style7\">Int\u00e9rieurs<\/span><\/h3>\n<p>L\u2019exposition du <a href=\"https:\/\/www.museebonnard.fr\/le-musee\/expositions-passees\/669-l-exposition-en-cours-interieurs\" target=\"_blank\" rel=\"noopener noreferrer\">Mus\u00e9e Pierre Bonnard<\/a> r\u00e9unit une quarantaine de tableaux, de petits et grands formats, des dessins et des carnets, autour des int\u00e9rieurs si sensibles de Pierre Lesieur comme autant de reflets de sa vie int\u00e9rieure.<\/p>\n<p>Commissaire : V\u00e9ronique Serrano, Conservateur en chef du Mus\u00e9e Bonnard &#8211; Le Cannet<\/p>\n<blockquote>\n<p>du 13 f\u00e9vrier au 17 juin 2018<br \/>\n<a href=\"https:\/\/www.museebonnard.fr\" target=\"_blank\" rel=\"noopener noreferrer\">Au Mus\u00e9e Pierre Bonnard &#8211; Le Cannet<\/a><\/p>\n<\/blockquote>\n<p>Cette galerie est directement inspir\u00e9e de l\u2019exposition et du catalogue\u00a0\u00ab\u00a0Pierre Lesieur &#8211; Int\u00e9rieurs \u00bb.\u00a0La plupart des \u0153uvres\u00a0 pr\u00e9sent\u00e9es sont issues de cette exposition.<\/p>\n<p>Catalogue sous la direction de V\u00e9ronique Serrano\u00a0(136 pages, 100 illustrations, traduction anglaise) &#8211;\u00a0Editions Silvana Editoriale (<a href=\"http:\/\/www.silvanaeditoriale.it\/catalogo\/prodotto.asp?id=4962\" target=\"_blank\" rel=\"noopener noreferrer\">www.silvanaeditoriale.it<\/a>)<\/p>\n<\/div><div class=\"fusion-clearfix\"><\/div><\/div><\/div><\/div><\/div>\n","protected":false},"excerpt":{"rendered":"","protected":false},"author":1,"featured_media":0,"parent":0,"menu_order":0,"comment_status":"closed","ping_status":"closed","template":"","meta":{"footnotes":""},"class_list":["post-143","page","type-page","status-publish","hentry"],"yoast_head":"<!-- This site is optimized with the Yoast SEO plugin v26.1.1 - https:\/\/yoast.com\/wordpress\/plugins\/seo\/ -->\n<title>Int\u00e9rieurs - Pierre Lesieur - galeries<\/title>\n<meta name=\"robots\" content=\"index, follow, max-snippet:-1, max-image-preview:large, max-video-preview:-1\" \/>\n<link rel=\"canonical\" href=\"https:\/\/pierrelesieur.org\/nouvelles_galeries\/interieurs\/\" \/>\n<meta property=\"og:locale\" content=\"fr_FR\" \/>\n<meta property=\"og:type\" content=\"article\" \/>\n<meta property=\"og:title\" content=\"Int\u00e9rieurs - Pierre Lesieur - galeries\" \/>\n<meta property=\"og:url\" content=\"https:\/\/pierrelesieur.org\/nouvelles_galeries\/interieurs\/\" \/>\n<meta property=\"og:site_name\" content=\"Pierre Lesieur - galeries\" \/>\n<meta property=\"article:modified_time\" content=\"2019-04-08T10:24:22+00:00\" \/>\n<meta name=\"twitter:card\" content=\"summary_large_image\" \/>\n<meta name=\"twitter:label1\" content=\"Dur\u00e9e de lecture estim\u00e9e\" \/>\n\t<meta name=\"twitter:data1\" content=\"2 minutes\" \/>\n<script type=\"application\/ld+json\" class=\"yoast-schema-graph\">{\"@context\":\"https:\/\/schema.org\",\"@graph\":[{\"@type\":\"WebPage\",\"@id\":\"https:\/\/pierrelesieur.org\/nouvelles_galeries\/interieurs\/\",\"url\":\"https:\/\/pierrelesieur.org\/nouvelles_galeries\/interieurs\/\",\"name\":\"Int\u00e9rieurs - Pierre Lesieur - galeries\",\"isPartOf\":{\"@id\":\"https:\/\/pierrelesieur.org\/nouvelles_galeries\/#website\"},\"datePublished\":\"2019-03-12T17:41:57+00:00\",\"dateModified\":\"2019-04-08T10:24:22+00:00\",\"breadcrumb\":{\"@id\":\"https:\/\/pierrelesieur.org\/nouvelles_galeries\/interieurs\/#breadcrumb\"},\"inLanguage\":\"fr-FR\",\"potentialAction\":[{\"@type\":\"ReadAction\",\"target\":[\"https:\/\/pierrelesieur.org\/nouvelles_galeries\/interieurs\/\"]}]},{\"@type\":\"BreadcrumbList\",\"@id\":\"https:\/\/pierrelesieur.org\/nouvelles_galeries\/interieurs\/#breadcrumb\",\"itemListElement\":[{\"@type\":\"ListItem\",\"position\":1,\"name\":\"Accueil\",\"item\":\"https:\/\/pierrelesieur.org\/nouvelles_galeries\/\"},{\"@type\":\"ListItem\",\"position\":2,\"name\":\"Int\u00e9rieurs\"}]},{\"@type\":\"WebSite\",\"@id\":\"https:\/\/pierrelesieur.org\/nouvelles_galeries\/#website\",\"url\":\"https:\/\/pierrelesieur.org\/nouvelles_galeries\/\",\"name\":\"Pierre Lesieur - galeries\",\"description\":\"Pierre Lesieur - galeries\",\"potentialAction\":[{\"@type\":\"SearchAction\",\"target\":{\"@type\":\"EntryPoint\",\"urlTemplate\":\"https:\/\/pierrelesieur.org\/nouvelles_galeries\/?s={search_term_string}\"},\"query-input\":{\"@type\":\"PropertyValueSpecification\",\"valueRequired\":true,\"valueName\":\"search_term_string\"}}],\"inLanguage\":\"fr-FR\"}]}<\/script>\n<!-- \/ Yoast SEO plugin. -->","yoast_head_json":{"title":"Int\u00e9rieurs - Pierre Lesieur - galeries","robots":{"index":"index","follow":"follow","max-snippet":"max-snippet:-1","max-image-preview":"max-image-preview:large","max-video-preview":"max-video-preview:-1"},"canonical":"https:\/\/pierrelesieur.org\/nouvelles_galeries\/interieurs\/","og_locale":"fr_FR","og_type":"article","og_title":"Int\u00e9rieurs - Pierre Lesieur - galeries","og_url":"https:\/\/pierrelesieur.org\/nouvelles_galeries\/interieurs\/","og_site_name":"Pierre Lesieur - galeries","article_modified_time":"2019-04-08T10:24:22+00:00","twitter_card":"summary_large_image","twitter_misc":{"Dur\u00e9e de lecture estim\u00e9e":"2 minutes"},"schema":{"@context":"https:\/\/schema.org","@graph":[{"@type":"WebPage","@id":"https:\/\/pierrelesieur.org\/nouvelles_galeries\/interieurs\/","url":"https:\/\/pierrelesieur.org\/nouvelles_galeries\/interieurs\/","name":"Int\u00e9rieurs - Pierre Lesieur - galeries","isPartOf":{"@id":"https:\/\/pierrelesieur.org\/nouvelles_galeries\/#website"},"datePublished":"2019-03-12T17:41:57+00:00","dateModified":"2019-04-08T10:24:22+00:00","breadcrumb":{"@id":"https:\/\/pierrelesieur.org\/nouvelles_galeries\/interieurs\/#breadcrumb"},"inLanguage":"fr-FR","potentialAction":[{"@type":"ReadAction","target":["https:\/\/pierrelesieur.org\/nouvelles_galeries\/interieurs\/"]}]},{"@type":"BreadcrumbList","@id":"https:\/\/pierrelesieur.org\/nouvelles_galeries\/interieurs\/#breadcrumb","itemListElement":[{"@type":"ListItem","position":1,"name":"Accueil","item":"https:\/\/pierrelesieur.org\/nouvelles_galeries\/"},{"@type":"ListItem","position":2,"name":"Int\u00e9rieurs"}]},{"@type":"WebSite","@id":"https:\/\/pierrelesieur.org\/nouvelles_galeries\/#website","url":"https:\/\/pierrelesieur.org\/nouvelles_galeries\/","name":"Pierre Lesieur - galeries","description":"Pierre Lesieur - galeries","potentialAction":[{"@type":"SearchAction","target":{"@type":"EntryPoint","urlTemplate":"https:\/\/pierrelesieur.org\/nouvelles_galeries\/?s={search_term_string}"},"query-input":{"@type":"PropertyValueSpecification","valueRequired":true,"valueName":"search_term_string"}}],"inLanguage":"fr-FR"}]}},"_links":{"self":[{"href":"https:\/\/pierrelesieur.org\/nouvelles_galeries\/wp-json\/wp\/v2\/pages\/143","targetHints":{"allow":["GET"]}}],"collection":[{"href":"https:\/\/pierrelesieur.org\/nouvelles_galeries\/wp-json\/wp\/v2\/pages"}],"about":[{"href":"https:\/\/pierrelesieur.org\/nouvelles_galeries\/wp-json\/wp\/v2\/types\/page"}],"author":[{"embeddable":true,"href":"https:\/\/pierrelesieur.org\/nouvelles_galeries\/wp-json\/wp\/v2\/users\/1"}],"replies":[{"embeddable":true,"href":"https:\/\/pierrelesieur.org\/nouvelles_galeries\/wp-json\/wp\/v2\/comments?post=143"}],"version-history":[{"count":9,"href":"https:\/\/pierrelesieur.org\/nouvelles_galeries\/wp-json\/wp\/v2\/pages\/143\/revisions"}],"predecessor-version":[{"id":247,"href":"https:\/\/pierrelesieur.org\/nouvelles_galeries\/wp-json\/wp\/v2\/pages\/143\/revisions\/247"}],"wp:attachment":[{"href":"https:\/\/pierrelesieur.org\/nouvelles_galeries\/wp-json\/wp\/v2\/media?parent=143"}],"curies":[{"name":"wp","href":"https:\/\/api.w.org\/{rel}","templated":true}]}}

Intérieurs

<div class="fusion-fullwidth fullwidth-box fusion-builder-row-1 nonhundred-percent-fullwidth non-hundred-percent-height-scrolling" style="--awb-border-radius-top-left:0px;--awb-border-radius-top-right:0px;--awb-border-radius-bottom-right:0px;--awb-border-radius-bottom-left:0px;--awb-padding-top:20px;--awb-padding-bottom:20px;--awb-padding-left:10%;--awb-flex-wrap:wrap;" ><div class="fusion-builder-row fusion-row"><div class="fusion-layout-column fusion_builder_column fusion-builder-column-0 fusion_builder_column_2_3 2_3 fusion-two-third fusion-column-first" style="--awb-bg-size:cover;width:66.666666666667%;width:calc(66.666666666667% - ( ( 4% ) * 0.66666666666667 ) );margin-right: 4%;"><div class="fusion-column-wrapper fusion-flex-column-wrapper-legacy"><div class="fusion-text fusion-text-1"><h3><span class="Style7">Intérieurs</span></h3>
<p>L’exposition du <a href="https://www.museebonnard.fr/le-musee/expositions-passees/669-l-exposition-en-cours-interieurs" target="_blank" rel="noopener noreferrer">Musée Pierre Bonnard</a> réunit une quarantaine de tableaux, de petits et grands formats, des dessins et des carnets, autour des intérieurs si sensibles de Pierre Lesieur comme autant de reflets de sa vie intérieure.</p>
<p>Commissaire : Véronique Serrano, Conservateur en chef du Musée Bonnard &#8211; Le Cannet</p>
<blockquote>
<p>du 13 février au 17 juin 2018<br />
<a href="https://www.museebonnard.fr" target="_blank" rel="noopener noreferrer">Au Musée Pierre Bonnard &#8211; Le Cannet</a></p>
</blockquote>
<p>Cette galerie est directement inspirée de l’exposition et du catalogue « Pierre Lesieur &#8211; Intérieurs ». La plupart des œuvres  présentées sont issues de cette exposition.</p>
<p>Catalogue sous la direction de Véronique Serrano (136 pages, 100 illustrations, traduction anglaise) &#8211; Editions Silvana Editoriale (<a href="http://www.silvanaeditoriale.it/catalogo/prodotto.asp?id=4962" target="_blank" rel="noopener noreferrer">www.silvanaeditoriale.it</a>)</p>
</div><div class="fusion-clearfix"></div></div></div></div></div>

<!-- This site is optimized with the Yoast SEO plugin v26.1.1 - https://yoast.com/wordpress/plugins/seo/ -->
<title>Intérieurs - Pierre Lesieur - galeries</title>
<meta name="robots" content="index, follow, max-snippet:-1, max-image-preview:large, max-video-preview:-1" />
<link rel="canonical" href="https://pierrelesieur.org/nouvelles_galeries/interieurs/" />
<meta property="og:locale" content="fr_FR" />
<meta property="og:type" content="article" />
<meta property="og:title" content="Intérieurs - Pierre Lesieur - galeries" />
<meta property="og:url" content="https://pierrelesieur.org/nouvelles_galeries/interieurs/" />
<meta property="og:site_name" content="Pierre Lesieur - galeries" />
<meta property="article:modified_time" content="2019-04-08T10:24:22+00:00" />
<meta name="twitter:card" content="summary_large_image" />
<meta name="twitter:label1" content="Durée de lecture estimée" />
	<meta name="twitter:data1" content="2 minutes" />
<script type="application/ld+json" class="yoast-schema-graph">{"@context":"https://schema.org","@graph":[{"@type":"WebPage","@id":"https://pierrelesieur.org/nouvelles_galeries/interieurs/","url":"https://pierrelesieur.org/nouvelles_galeries/interieurs/","name":"Intérieurs - Pierre Lesieur - galeries","isPartOf":{"@id":"https://pierrelesieur.org/nouvelles_galeries/#website"},"datePublished":"2019-03-12T17:41:57+00:00","dateModified":"2019-04-08T10:24:22+00:00","breadcrumb":{"@id":"https://pierrelesieur.org/nouvelles_galeries/interieurs/#breadcrumb"},"inLanguage":"fr-FR","potentialAction":[{"@type":"ReadAction","target":["https://pierrelesieur.org/nouvelles_galeries/interieurs/"]}]},{"@type":"BreadcrumbList","@id":"https://pierrelesieur.org/nouvelles_galeries/interieurs/#breadcrumb","itemListElement":[{"@type":"ListItem","position":1,"name":"Accueil","item":"https://pierrelesieur.org/nouvelles_galeries/"},{"@type":"ListItem","position":2,"name":"Intérieurs"}]},{"@type":"WebSite","@id":"https://pierrelesieur.org/nouvelles_galeries/#website","url":"https://pierrelesieur.org/nouvelles_galeries/","name":"Pierre Lesieur - galeries","description":"Pierre Lesieur - galeries","potentialAction":[{"@type":"SearchAction","target":{"@type":"EntryPoint","urlTemplate":"https://pierrelesieur.org/nouvelles_galeries/?s={search_term_string}"},"query-input":{"@type":"PropertyValueSpecification","valueRequired":true,"valueName":"search_term_string"}}],"inLanguage":"fr-FR"}]}</script>
<!-- / Yoast SEO plugin. -->

Intérieurs - Pierre Lesieur - galeries
